- ((-5 - -14) + -5) - -20.
16
What is the value of -8 + (-1 - 14) + 53 - 8?
22
-16 - (7 + 0 + -8 - 4)
-11
What is the value of (47 - 44) + (-6 - 0)?
-3
Evaluate 11 - 15 - (7 - 2) - 5.
-14
Evaluate 2 - (-2 - 24) - (-103 - -98) - 9.
24
Evaluate 11 + (1 - 2) + -4 - -4.
10
Evaluate 1 + 15 + -1 + -32.
-17
What is 0 - -3 - (-155 + 154)?
4
What is -2 + (-11 - -3 - (-4 - 20))?
14
Evaluate -21 + 27 + (1 - 17).
-10
Evaluate -15 + (6 - -32 - 23).
0
15 + (15 - 31) + 5
4
Evaluate -1 - (2 + (-7 - -11 - 12) - 13).
18
What is the value of 11 - ((-8 - -13) + -2) - 5?
3
Evaluate (5 - (11 + (3 - 5)) - 16) + 6.
-14
Evaluate (5 + -6 + -10 - -17) + (-2 - 28).
-24
Calculate 5 + (9 - 3 - 4 - 1).
6
7 + -12 + (13 - (-1 + -7)) + -6
10
Evaluate 22 + (-223 - -218) + (7 - 0).
24
0 - (41 + 6 + (-13 - (-3 + 2)))
-35
What is the value of 19 + (0 - -3 - (6 + (-26 - -25)))?
17
Calculate -12 + (2 + -7 - (36 - 24)).
-29
(-31 - -69) + -34 + (1 - -6)
11
What is the value of -5 - (34 + (-52 - -19))?
-6
What is the value of (13 - 1 - (61 - 55)) + -14?
-8
Evaluate -76 - -72 - (-38 - -2 - (2 - 1)).
33
(13 - (-6 - -11)) + -1
7
-8 + -13 + (24 - 5) - -4
2
(-11 - -11) + (14 - 11)
3
What is (-9 - (0 - -3)) + (-2 - (7 + -5))?
-16
What is the value of -5 + -11 + 28 + -2?
10
4 - (0 + 4 + 9)
-9
Evaluate -4 - (10 - 24) - 12.
-2
What is the value of (50 + -33 - 6) + -6 + -1?
4
What is (-3 - -9) + (7 - (5 + -2))?
10
(-5 - (-11 + -3)) + (8 + -16 - -1)
2
What is 3 + (3 - 9) + (-6 - -11)?
2
What is the value of (28 - (-1 + 13)) + -2?
14
What is ((5 - -1) + -7 + 12 - 4) + -3?
4
What is -2 + 2 + -4 + 207 + -175?
28
420 + -416 + -7 + -1
-4
Evaluate -8 + 19 + -26 - -5.
-10
Evaluate -6 + (56 - (-5 - -24)).
31
What is -21 - (-38 - -3 - -16)?
-2
Calculate -27 + 5 - -49 - (1 - -6).
20
What is the value of -17 + (39 - 0) + -48?
-26
What is the value of -1580 - -1577 - (1 + 4 - -1)?
-9
What is the value of (-55 + 55 - (5 - -2)) + 35 + 0?
28
What is the value of 0 - (-2 - 3) - (-5 - -4)?
6
Evaluate (-13 - -16) + 5 + -20 + 4 + -6.
-14
What is the value of -20 + 7 + 12 + 9 + 6?
14
Calculate (-1 - (16 + -3)) + 13.
-1
-7 + -2 + 16 + -3 + -29
-25
6 + -3 + 2 + 4 - -13
22
Evaluate (1 - 2 - 2) + (59 - 63) + 3.
-4
Evaluate -8 + 1 + 12 + (-17 - -23).
11
Calculate -8 + 12 + -1 + -10 + 0 + 19.
12
What is -2 + (5 - (1 + 1)) + -25?
-24
What is the value of (3 - 13) + 11 + 11?
12
What is 13 - (-5 - -25 - 19)?
12
Calculate 7 + (1 - (36 + (2 - 16) + 6)).
-20
Calculate (1 - 9) + (161 - 166) - 7.
-20
94 + -69 + (-1 - 4)
20
What is 6 - ((-3 - 13) + 10) - (1 - 22)?
33
2 - (15 - 15 - 3)
5
What is -14 - (-42 + 80 + -29)?
-23
What is -195 + 189 + 2 + 6?
2
Evaluate -5 + (12 - 4) + 1 + -10.
-6
Evaluate ((-7 - 2) + 4 - -4) + -49 + 33.
-17
(-4 - -6 - -6) + 6 + 4 + 5
23
Calculate 0 + -23 - -16 - -9.
2
What is 3 - (-17 + (21 - 12) + -1)?
12
Evaluate 1 + 2 + -3 + -55 + 66.
11
Evaluate -3 + 2 + -5 - (8 + (-17 - -13)).
-10
(-1 - -20) + -80 + 60
-1
What is the value of (2 - 6) + -26 + 26 + 1?
-3
Calculate -6 - (9 - 10) - -1.
-4
What is the value of (-1 - -16) + (-4 - -23) + -24 + -28?
-18
4 - 1 - (-27 + 25 - -17)
-12
What is (82 - 52 - 28) + (1 - -1)?
4
What is (2 - -4) + -2 + -4 + -2 + 12?
10
Evaluate (-27 - -34) + 20 + 9.
36
Calculate -7 + 25 + 3 + (-14 - -1).
8
Calculate (8 - (15 + -17)) + -21 + -3 + 38.
24
Calculate -1172 - -1178 - ((-2 - -4) + -2 - 16).
22
-7 - -40 - (170 + -123)
-14
Evaluate -3 + (-5 - (27 + -60)).
25
What is the value of (-1 - (-9 + (10 - 3))) + -2 + 2?
1
What is -8 - 1 - ((4 + 20 - 14) + -42)?
23
What is -14 - (-31 + (8 - -2))?
7
Calculate -56 + 1 - (419 - 449).
-25
What is the value of -2 + 0 - -9 - (-260 + 279)?
-12
What is the value of -32 + -25 + 29 + (2 - -7)?
-19
Evaluate -27 + 15 + 6 - 12.
-18
(-23 - -22) + (-3 - 0) + 12 + -22
-14
What is the value of 7 + (-2 - -2) - (82 + -77)?
2
Calculate 7 + 14 + (-6 - 25) - -37.
27
What is the value of 31 - ((8 - (1 + 13)) + 16 - 3)?
24
Evaluate 119 - 103 - (-4 + 15 - 2).
7
1 + 4 + (-11 + 1 - -18 - 6)
7
-121 + 139 + -46 + 4
-24
Calculate (4 - (16 - (5 - -1))) + (-7 - -11).
-2
33 + 0 - (401 + -363)
-5
Evaluate (11 - 23) + 4 + 1 + -4 + 5.
-6
What is the value of 11 - 12 - (-16 - ((-6 - -4) + -1))?
12
Calculate (4 - (16 + -5)) + (-8 - -6) + 12.
3
Evaluate 19 + 1 + (19 + -24 - 5).
10
What is 7 + (-5 - (-1 - (-5 - -12)))?
10
What is (-3 - (-6 - -5) - 3) + (17 - 5)?
7
Calculate 13 + -8 + 39 + -20.
24
Evaluate 0 + (18 - (-20 - -3 - -29)).
6
Evaluate -20 + 9 - -38 - 38.
-11
-7 + -8 + (-1 - (7 + -5 + -5))
-13
-24 - -30 - (6 - (1 - 0))
1
What is the value of 3 + (-2 + -1 + -3 - (-18 - 5))?
20
What is 2 + -3 + (5 - (-4 - -3)) - 8?
-3
12 - (-2 + 11 - 11 - 9 - -7)
16
What is the value of -15 + (0 + 0 - (15 - 20))?
-10
What is 2 + (4 + 12 - 29 - (-5 - 5))?
-1
Evaluate -5 + (12 - 2 - -5).
10
What is the value of 182 - 168 - ((0 - 8) + 2)?
20
-20 - ((11 - 2) + -1 + -4 - 4)
-20
1 - (-4 + -16) - 40
-19
What is -30 - -37 - (-6 + 7) - (-3 - 0)?
9
Evaluate (-1 - 2) + 4 + 9 + -6 - -3.
7
What is the value of 15 + -17 + 1 + 0 + -1?
-2
What is the value of 17 + (-1 + 17 - (-132 - -136))?
29
3 + 1 - (34 - 6 - (-12 + 8))
-28
(-18 - (-17 - -11)) + 7 + -19 - 9
-33
What is 12 - (20 + 9 + -16)?
-1
(-14 - 10) + (-5 + 11 - -5)
-13
Calculate -9 - (-2 - (9 - 3) - (13 + -17)).
-5
79 + -64 - (4 + -1)
12
-11 + 12 + -9 + -2
-10
What is -5 + -6 + 9 - (15 - -1)?
-18
What is the value of 4 + 1 - (-15 - (21 + -32))?
9
Evaluate 43 - 38 - (-14 - (3 + (-4 - 0))).
18
What is 12 - (-10 + 9 - -2 - 1)?
12
What is the value of (-7 - 34 - -23) + -8?
-26
What is -227 - -234 - ((1 - -1) + 18 - 2)?
-11
Evaluate 4 + 6 + 3 + (17 - 19).
11
Calculate -440 + 440 + (-21 - (3 + -1 + -1)).
-22
1 - (-9 - (-9 - (0 + -3)))
4
What is the value of -5 - -15 - 13 - (0 - 7) - 17?
-13
Calculate 2 + -10 + (0 - 6).
-14
21 - (-9 - (-23 - (-11 - -4)))
14
What is the value of 3 + (1 + 15 - 31)?
-12
What is -31 + 6 + (-11 - (6 + 5 - 18))?
-29
What is the value of (-9 - -11 - (5 + -38) - -2) + -7?
30
Calculate 6 + 15 + -8 + -6.
7
Calculate (-5 - 2) + 17 + -4 + (3 - 3).
6
-4 + 2 + -6 + (18 + -22 - 8)
-20
What is the value of 30 + (-47 - (-36 + 13))?
6
Evaluate -23 - (-29 - -1) - ((1 - -1) + 12).
-9
Calculate -15 - (-4 + -4 - -14 - -8).
-29
Calculate -4 + (-6 - 0 - -8 - -2).
0
Calculate 16 - (20 + (-12 - 11)).
19
Evaluate -12 - (21 + (-8 - 5)).
-20
Calculate 26 - (2 + 1 + 0) - 2.
21
What is the value of (-11 - (6 + -8 - 5)) + -2?
-6
Calculate (-28 + 27 - -6) + 1 + -5 - -24.
25
Calculate -7 + 3 - -6 - 8 - 10.
-16
What is -15 + -14 + 10 + -6?
-25
What is the value of -5 + (3 - (-7 + 36 + -4)) - 0?
-27
Evaluate 34 - 22 - (-3 + 7).
8
Calculate (-1 - -14) + -104 + 95.
4
Evaluate -7 + 4 + 0 + (-2 - (10 - 4)).
-11
What is the value of -4 - (-15 - (-1 + 2 - 4))?
8
Calculate -20 + -1 - (-199 + 194).
-16
What is (-11 - -14 - -4) + -12 - -33?
28
Evaluate (22 - (-2 + 5)) + 7 + -15.
11
Evaluate 10 - 1 - (-201 - -211).
-1
Evaluate -3 - (-10 + 5 - -6) - -10.
6
Calculate -29 + (34 - 27) + 29.
7
Calculate -5 + 5 + (-8 - (9 - 9)).
-8
23 + (-51 - -24) + 24
20
Evaluate 21 - (3 - 1 - -12 - 4).
11
Calculate 0 - 13 - (42 - 44) - 5.
-16
-15 + (9 - 23 - -12)
-17
Calculate 6 + -2 + (-35 - -35) - (1 + -17).
20
What is (153 - 181) + 31 + -5?
-2
0 + 7 + (3 - (-6 + 15))
1
-28 - (-1 + 2) - (-1291 - -1274)
-12
5 - (-8 - ((-2 - 2) + 1))
10
Calculate 0 - (5 + (9 - 11 - (4 - -2))).
3
Calculate -178 - -181 - (0 + 0 + 0) - 34.
-31
What is the value of -3 + (15 - 3) + -1 + -3 - 15?
-10
Calculate -1 - (-1 + -2) - 5.
-3
Calculate 7 + -11 + -2 + 7 - -6 - 21.
-14
Evaluate 4 - -7 - ((-17 - -11) + 15).
2
What is the value of 2 + -2 + (-4 - (-6 + 11 + -1))?
-8
What is 92 - 100 - ((-1 - 2) + 6)?
-11
Calculate 90 + -211 + 98 + -4 + 1.
-26
What is the value of (-24 - 2) + (21 - -1)?
-4
What is 241 + -216 + (2 + 0 - (-1 + 1))?
27
8 - -11 - (-2 + 8) - 9
4
17 - 41 - (4 - 50)
22
Evaluate 3 - (20 - (-15 + 10 + 9)).
-13
(-5 - -26) + -69 + 72
24
Evaluate (-207 - -204) + -6 + -1 + -1 + 1.
-10
What is the value of (-1 - -7) + -39 + 87 + -39?
15
What is the value of -6 + (2 - (-1 - 0) - (93 - 106))?
10
Calculate 1 + (-1 - (-1 + -4 - (-46 - -41))).
0
-81 + 70 + (-7 - (0 + -1))
-17
What is the value of 0 + 17 + 287 + -309?
-5
Evaluate (9 - (13 - 1)) + 4 + -3.
-2
-3 - (1 - (1 - -4)) - (3 - -1)
-3
What is the v